[INFO] cloning repository https://github.com/rzhw/tpm-experiments
[INFO] running `Command { std: "git" "-c" "credential.helper=" "-c" "credential.helper=/workspace/cargo-home/bin/git-credential-null" "clone" "--bare" "https://github.com/rzhw/tpm-experiments" "/workspace/cache/git-repos/https%3A%2F%2Fgithub.com%2Frzhw%2Ftpm-experiments", kill_on_drop: false }`
[INFO] [stderr] Cloning into bare repository '/workspace/cache/git-repos/https%3A%2F%2Fgithub.com%2Frzhw%2Ftpm-experiments'...
[INFO] running `Command { std: "git" "rev-parse" "HEAD", kill_on_drop: false }`
[INFO] [stdout] 38c3cbc1b849ba81ed14ad38bd808119279ae48d
[INFO] checking rzhw/tpm-experiments against try#72f88fc4e9458f89516a0b8b0868f3718aec5b47 for pr-74989
[INFO] running `Command { std: "git" "clone" "/workspace/cache/git-repos/https%3A%2F%2Fgithub.com%2Frzhw%2Ftpm-experiments" "/workspace/builds/worker-3/source", kill_on_drop: false }`
[INFO] [stderr] Cloning into '/workspace/builds/worker-3/source'...
[INFO] [stderr] done.
[INFO] validating manifest of git repo https://github.com/rzhw/tpm-experiments on toolchain 72f88fc4e9458f89516a0b8b0868f3718aec5b47
[INFO] running `Command { std: "/workspace/cargo-home/bin/cargo" "+72f88fc4e9458f89516a0b8b0868f3718aec5b47" "read-manifest" "--manifest-path" "Cargo.toml", kill_on_drop: false }`
[INFO] started tweaking git repo https://github.com/rzhw/tpm-experiments
[INFO] finished tweaking git repo https://github.com/rzhw/tpm-experiments
[INFO] tweaked toml for git repo https://github.com/rzhw/tpm-experiments written to /workspace/builds/worker-3/source/Cargo.toml
[INFO] crate git repo https://github.com/rzhw/tpm-experiments already has a lockfile, it will not be regenerated
[INFO] running `Command { std: "/workspace/cargo-home/bin/cargo" "+72f88fc4e9458f89516a0b8b0868f3718aec5b47" "fetch" "--locked" "--manifest-path" "Cargo.toml", kill_on_drop: false }`
[INFO] [stderr]     Updating git repository `https://github.com/rzhw/rust-newt.git`
[INFO] [stderr]     Updating git repository `https://github.com/rzhw/rust-trousers.git`
[INFO] [stderr] error: the lock file /workspace/builds/worker-3/source/Cargo.lock needs to be updated but --locked was passed to prevent this
[INFO] [stderr] If you want to try to generate the lock file without accessing the network, use the --offline flag.
[INFO] the lockfile is outdated, regenerating it
[INFO] running `Command { std: "/workspace/cargo-home/bin/cargo" "+72f88fc4e9458f89516a0b8b0868f3718aec5b47" "generate-lockfile" "--manifest-path" "Cargo.toml" "-Zno-index-update", kill_on_drop: false }`
[INFO] [stderr]     Blocking waiting for file lock on package cache
[INFO] [stderr]     Updating git repository `https://github.com/rzhw/rust-newt.git`
[INFO] [stderr]     Updating git repository `https://github.com/rzhw/rust-trousers.git`
[INFO] running `Command { std: "/workspace/cargo-home/bin/cargo" "+72f88fc4e9458f89516a0b8b0868f3718aec5b47" "fetch" "--locked" "--manifest-path" "Cargo.toml", kill_on_drop: false }`
[INFO] [stderr]     Blocking waiting for file lock on package cache
[INFO] running `Command { std: "docker" "create" "-v" "/var/lib/crater-agent-workspace/builds/worker-3/target:/opt/rustwide/target:rw,Z" "-v" "/var/lib/crater-agent-workspace/builds/worker-3/source:/opt/rustwide/workdir:ro,Z" "-v" "/var/lib/crater-agent-workspace/cargo-home:/opt/rustwide/cargo-home:ro,Z" "-v" "/var/lib/crater-agent-workspace/rustup-home:/opt/rustwide/rustup-home:ro,Z" "-e" "SOURCE_DIR=/opt/rustwide/workdir" "-e" "CARGO_TARGET_DIR=/opt/rustwide/target" "-e" "CARGO_HOME=/opt/rustwide/cargo-home" "-e" "RUSTUP_HOME=/opt/rustwide/rustup-home" "-w" "/opt/rustwide/workdir" "-m" "1610612736" "--user" "0:0" "--network" "none" "rustops/crates-build-env@sha256:d92eaeed33fa75130ca1ee6c8a01d1ffb62bac859dfdfb3450e3e5d1c0146529" "/opt/rustwide/cargo-home/bin/cargo" "+72f88fc4e9458f89516a0b8b0868f3718aec5b47" "metadata" "--no-deps" "--format-version=1", kill_on_drop: false }`
[INFO] [stdout] 884cf06aa0300c8e6c329ad7fd7b850ff6797f83f8dbc798ec47109bd41ab028
[INFO] [stderr] WARNING: Your kernel does not support swap limit capabilities or the cgroup is not mounted. Memory limited without swap.
[INFO] running `Command { std: "docker" "start" "-a" "884cf06aa0300c8e6c329ad7fd7b850ff6797f83f8dbc798ec47109bd41ab028", kill_on_drop: false }`
[INFO] running `Command { std: "docker" "inspect" "884cf06aa0300c8e6c329ad7fd7b850ff6797f83f8dbc798ec47109bd41ab028", kill_on_drop: false }`
[INFO] running `Command { std: "docker" "rm" "-f" "884cf06aa0300c8e6c329ad7fd7b850ff6797f83f8dbc798ec47109bd41ab028", kill_on_drop: false }`
[INFO] [stdout] 884cf06aa0300c8e6c329ad7fd7b850ff6797f83f8dbc798ec47109bd41ab028
[INFO] running `Command { std: "docker" "create" "-v" "/var/lib/crater-agent-workspace/builds/worker-3/target:/opt/rustwide/target:rw,Z" "-v" "/var/lib/crater-agent-workspace/builds/worker-3/source:/opt/rustwide/workdir:ro,Z" "-v" "/var/lib/crater-agent-workspace/cargo-home:/opt/rustwide/cargo-home:ro,Z" "-v" "/var/lib/crater-agent-workspace/rustup-home:/opt/rustwide/rustup-home:ro,Z" "-e" "SOURCE_DIR=/opt/rustwide/workdir" "-e" "CARGO_TARGET_DIR=/opt/rustwide/target" "-e" "CARGO_INCREMENTAL=0" "-e" "RUST_BACKTRACE=full" "-e" "RUSTFLAGS=--cap-lints=forbid" "-e" "CARGO_HOME=/opt/rustwide/cargo-home" "-e" "RUSTUP_HOME=/opt/rustwide/rustup-home" "-w" "/opt/rustwide/workdir" "-m" "1610612736" "--user" "0:0" "--network" "none" "rustops/crates-build-env@sha256:d92eaeed33fa75130ca1ee6c8a01d1ffb62bac859dfdfb3450e3e5d1c0146529" "/opt/rustwide/cargo-home/bin/cargo" "+72f88fc4e9458f89516a0b8b0868f3718aec5b47" "check" "--frozen" "--all" "--all-targets" "--message-format=json", kill_on_drop: false }`
[INFO] [stdout] bcd056a7c4d856667679db9bdb17db50b0d6238efab593619924aa09c0a27cbd
[INFO] [stderr] WARNING: Your kernel does not support swap limit capabilities or the cgroup is not mounted. Memory limited without swap.
[INFO] running `Command { std: "docker" "start" "-a" "bcd056a7c4d856667679db9bdb17db50b0d6238efab593619924aa09c0a27cbd", kill_on_drop: false }`
[INFO] [stderr]     Checking newt v0.0.0 (https://github.com/rzhw/rust-newt.git#81e3379b)
[INFO] [stderr]     Checking trousers-sys v0.0.0 (https://github.com/rzhw/rust-trousers.git#d5977205)
[INFO] [stderr]     Checking trousers v0.0.0 (https://github.com/rzhw/rust-trousers.git#d5977205)
[INFO] [stderr]     Checking shirtshirts v0.1.0 (/opt/rustwide/workdir)
[INFO] [stdout] warning: use of deprecated macro `try`: use the `?` operator instead
[INFO] [stdout]   --> src/main.rs:62:23
[INFO] [stdout]    |
[INFO] [stdout] 62 |         let pcr_str = try!(read_pcr_as_str(tpm, i));
[INFO] [stdout]    |                       ^^^
[INFO] [stdout]    |
[INFO] [stdout]    = note: `#[warn(deprecated)]` on by default
[INFO] [stdout] 
[INFO] [stdout] 
[INFO] [stdout] warning: use of deprecated macro `try`: use the `?` operator instead
[INFO] [stdout]   --> src/main.rs:89:35
[INFO] [stdout]    |
[INFO] [stdout] 89 |                 let old_pcr_str = try!(read_pcr_as_str(tpm, to_extend));
[INFO] [stdout]    |                                   ^^^
[INFO] [stdout] 
[INFO] [stdout] 
[INFO] [stdout] warning: use of deprecated macro `try`: use the `?` operator instead
[INFO] [stdout]   --> src/main.rs:90:17
[INFO] [stdout]    |
[INFO] [stdout] 90 |                 try!(tpm.pcr_extend(to_extend, b"abcdefghijklmnopqrst"));
[INFO] [stdout]    |                 ^^^
[INFO] [stdout] 
[INFO] [stdout] 
[INFO] [stdout] warning: use of deprecated macro `try`: use the `?` operator instead
[INFO] [stdout]   --> src/main.rs:91:35
[INFO] [stdout]    |
[INFO] [stdout] 91 |                 let new_pcr_str = try!(read_pcr_as_str(tpm, to_extend));
[INFO] [stdout]    |                                   ^^^
[INFO] [stdout] 
[INFO] [stdout] 
[INFO] [stdout] warning: use of deprecated macro `try`: use the `?` operator instead
[INFO] [stdout]    --> src/main.rs:133:35
[INFO] [stdout]     |
[INFO] [stdout] 133 |                 let old_pcr_str = try!(read_pcr_as_str(tpm, to_reset));
[INFO] [stdout]     |                                   ^^^
[INFO] [stdout] 
[INFO] [stdout] 
[INFO] [stdout] warning: use of deprecated macro `try`: use the `?` operator instead
[INFO] [stdout]    --> src/main.rs:134:28
[INFO] [stdout]     |
[INFO] [stdout] 134 |                 let pcrs = try!(tpm.context.create_pcr_composite_info_long());
[INFO] [stdout]     |                            ^^^
[INFO] [stdout] 
[INFO] [stdout] 
[INFO] [stdout] warning: use of deprecated macro `try`: use the `?` operator instead
[INFO] [stdout]    --> src/main.rs:135:17
[INFO] [stdout]     |
[INFO] [stdout] 135 |                 try!(pcrs.select_pcr_index_ex(to_reset, 1));
[INFO] [stdout]     |                 ^^^
[INFO] [stdout] 
[INFO] [stdout] 
[INFO] [stdout] warning: use of deprecated macro `try`: use the `?` operator instead
[INFO] [stdout]    --> src/main.rs:136:17
[INFO] [stdout]     |
[INFO] [stdout] 136 |                 try!(tpm.pcr_reset(&pcrs));
[INFO] [stdout]     |                 ^^^
[INFO] [stdout] 
[INFO] [stdout] 
[INFO] [stdout] warning: use of deprecated macro `try`: use the `?` operator instead
[INFO] [stdout]    --> src/main.rs:137:35
[INFO] [stdout]     |
[INFO] [stdout] 137 |                 let new_pcr_str = try!(read_pcr_as_str(tpm, to_reset));
[INFO] [stdout]     |                                   ^^^
[INFO] [stdout] 
[INFO] [stdout] 
[INFO] [stdout] warning: use of deprecated macro `try`: use the `?` operator instead
[INFO] [stdout]    --> src/main.rs:180:15
[INFO] [stdout]     |
[INFO] [stdout] 180 |     let vec = try!(tpm.pcr_read(pcr_index));
[INFO] [stdout]     |               ^^^
[INFO] [stdout] 
[INFO] [stdout] 
[INFO] [stdout] warning: unused import: `std::io`
[INFO] [stdout]  --> src/main.rs:4:5
[INFO] [stdout]   |
[INFO] [stdout] 4 | use std::io;
[INFO] [stdout]   |     ^^^^^^^
[INFO] [stdout]   |
[INFO] [stdout]   = note: `#[warn(unused_imports)]` on by default
[INFO] [stdout] 
[INFO] [stdout] 
[INFO] [stdout] warning: unused import: `std::str::FromStr`
[INFO] [stdout]  --> src/main.rs:5:5
[INFO] [stdout]   |
[INFO] [stdout] 5 | use std::str::FromStr;
[INFO] [stdout]   |     ^^^^^^^^^^^^^^^^^
[INFO] [stdout] 
[INFO] [stdout] 
[INFO] [stdout] warning: unused import: `std::ffi::CString`
[INFO] [stdout]  --> src/main.rs:7:5
[INFO] [stdout]   |
[INFO] [stdout] 7 | use std::ffi::CString;
[INFO] [stdout]   |     ^^^^^^^^^^^^^^^^^
[INFO] [stdout] 
[INFO] [stdout] 
[INFO] [stdout] warning: use of deprecated macro `try`: use the `?` operator instead
[INFO] [stdout]   --> src/main.rs:62:23
[INFO] [stdout]    |
[INFO] [stdout] 62 |         let pcr_str = try!(read_pcr_as_str(tpm, i));
[INFO] [stdout]    |                       ^^^
[INFO] [stdout]    |
[INFO] [stdout]    = note: `#[warn(deprecated)]` on by default
[INFO] [stdout] 
[INFO] [stdout] 
[INFO] [stdout] warning: use of deprecated macro `try`: use the `?` operator instead
[INFO] [stdout]   --> src/main.rs:89:35
[INFO] [stdout]    |
[INFO] [stdout] 89 |                 let old_pcr_str = try!(read_pcr_as_str(tpm, to_extend));
[INFO] [stdout]    |                                   ^^^
[INFO] [stdout] 
[INFO] [stdout] 
[INFO] [stdout] warning: use of deprecated macro `try`: use the `?` operator instead
[INFO] [stdout]   --> src/main.rs:90:17
[INFO] [stdout]    |
[INFO] [stdout] 90 |                 try!(tpm.pcr_extend(to_extend, b"abcdefghijklmnopqrst"));
[INFO] [stdout]    |                 ^^^
[INFO] [stdout] 
[INFO] [stdout] 
[INFO] [stdout] warning: use of deprecated macro `try`: use the `?` operator instead
[INFO] [stdout]   --> src/main.rs:91:35
[INFO] [stdout]    |
[INFO] [stdout] 91 |                 let new_pcr_str = try!(read_pcr_as_str(tpm, to_extend));
[INFO] [stdout]    |                                   ^^^
[INFO] [stdout] 
[INFO] [stdout] 
[INFO] [stdout] warning: use of deprecated macro `try`: use the `?` operator instead
[INFO] [stdout]    --> src/main.rs:133:35
[INFO] [stdout]     |
[INFO] [stdout] 133 |                 let old_pcr_str = try!(read_pcr_as_str(tpm, to_reset));
[INFO] [stdout]     |                                   ^^^
[INFO] [stdout] 
[INFO] [stdout] 
[INFO] [stdout] warning: use of deprecated macro `try`: use the `?` operator instead
[INFO] [stdout]    --> src/main.rs:134:28
[INFO] [stdout]     |
[INFO] [stdout] 134 |                 let pcrs = try!(tpm.context.create_pcr_composite_info_long());
[INFO] [stdout]     |                            ^^^
[INFO] [stdout] 
[INFO] [stdout] 
[INFO] [stdout] warning: use of deprecated macro `try`: use the `?` operator instead
[INFO] [stdout]    --> src/main.rs:135:17
[INFO] [stdout]     |
[INFO] [stdout] 135 |                 try!(pcrs.select_pcr_index_ex(to_reset, 1));
[INFO] [stdout]     |                 ^^^
[INFO] [stdout] 
[INFO] [stdout] 
[INFO] [stdout] warning: use of deprecated macro `try`: use the `?` operator instead
[INFO] [stdout]    --> src/main.rs:136:17
[INFO] [stdout]     |
[INFO] [stdout] 136 |                 try!(tpm.pcr_reset(&pcrs));
[INFO] [stdout]     |                 ^^^
[INFO] [stdout] 
[INFO] [stdout] 
[INFO] [stdout] warning: use of deprecated macro `try`: use the `?` operator instead
[INFO] [stdout]    --> src/main.rs:137:35
[INFO] [stdout]     |
[INFO] [stdout] 137 |                 let new_pcr_str = try!(read_pcr_as_str(tpm, to_reset));
[INFO] [stdout]     |                                   ^^^
[INFO] [stdout] 
[INFO] [stdout] 
[INFO] [stdout] warning: use of deprecated macro `try`: use the `?` operator instead
[INFO] [stdout]    --> src/main.rs:180:15
[INFO] [stdout]     |
[INFO] [stdout] 180 |     let vec = try!(tpm.pcr_read(pcr_index));
[INFO] [stdout]     |               ^^^
[INFO] [stdout] 
[INFO] [stdout] 
[INFO] [stdout] warning: unused import: `std::io`
[INFO] [stdout]  --> src/main.rs:4:5
[INFO] [stdout]   |
[INFO] [stdout] 4 | use std::io;
[INFO] [stdout]   |     ^^^^^^^
[INFO] [stdout]   |
[INFO] [stdout]   = note: `#[warn(unused_imports)]` on by default
[INFO] [stdout] 
[INFO] [stdout] 
[INFO] [stdout] warning: unused import: `std::str::FromStr`
[INFO] [stdout]  --> src/main.rs:5:5
[INFO] [stdout]   |
[INFO] [stdout] 5 | use std::str::FromStr;
[INFO] [stdout]   |     ^^^^^^^^^^^^^^^^^
[INFO] [stdout] 
[INFO] [stdout] 
[INFO] [stdout] warning: unused import: `std::ffi::CString`
[INFO] [stdout]  --> src/main.rs:7:5
[INFO] [stdout]   |
[INFO] [stdout] 7 | use std::ffi::CString;
[INFO] [stdout]   |     ^^^^^^^^^^^^^^^^^
[INFO] [stdout] 
[INFO] [stdout] 
[INFO] [stdout] error[E0277]: the trait bound `u32: From<TssError>` is not satisfied
[INFO] [stdout]   --> src/main.rs:90:17
[INFO] [stdout]    |
[INFO] [stdout] 90 |                 try!(tpm.pcr_extend(to_extend, b"abcdefghijklmnopqrst"));
[INFO] [stdout]    |                 ^^^^^^^^^^^^^^^^^^^^^^^^^^^^^^^^^^^^^^^^^^^^^^^^^^^^^^^^^ the trait `From<TssError>` is not implemented for `u32`
[INFO] [stdout]    |
[INFO] [stdout]    = help: the following implementations were found:
[INFO] [stdout]              <u32 as From<Ipv4Addr>>
[INFO] [stdout]              <u32 as From<NonZeroU32>>
[INFO] [stdout]              <u32 as From<bool>>
[INFO] [stdout]              <u32 as From<char>>
[INFO] [stdout]            and 2 others
[INFO] [stdout]    = note: required by `from`
[INFO] [stdout]    = note: this error originates in a macro (in Nightly builds, run with -Z macro-backtrace for more info)
[INFO] [stdout] 
[INFO] [stdout] 
[INFO] [stdout] error[E0277]: the trait bound `u32: From<TssError>` is not satisfied
[INFO] [stdout]    --> src/main.rs:134:28
[INFO] [stdout]     |
[INFO] [stdout] 134 |                 let pcrs = try!(tpm.context.create_pcr_composite_info_long());
[INFO] [stdout]     |                            ^^^^^^^^^^^^^^^^^^^^^^^^^^^^^^^^^^^^^^^^^^^^^^^^^^ the trait `From<TssError>` is not implemented for `u32`
[INFO] [stdout]     |
[INFO] [stdout]     = help: the following implementations were found:
[INFO] [stdout]               <u32 as From<Ipv4Addr>>
[INFO] [stdout]               <u32 as From<NonZeroU32>>
[INFO] [stdout]               <u32 as From<bool>>
[INFO] [stdout]               <u32 as From<char>>
[INFO] [stdout]             and 2 others
[INFO] [stdout]     = note: required by `from`
[INFO] [stdout]     = note: this error originates in a macro (in Nightly builds, run with -Z macro-backtrace for more info)
[INFO] [stdout] 
[INFO] [stdout] 
[INFO] [stdout] error[E0277]: the trait bound `u32: From<TssError>` is not satisfied
[INFO] [stdout]    --> src/main.rs:135:17
[INFO] [stdout]     |
[INFO] [stdout] 135 |                 try!(pcrs.select_pcr_index_ex(to_reset, 1));
[INFO] [stdout]     |                 ^^^^^^^^^^^^^^^^^^^^^^^^^^^^^^^^^^^^^^^^^^^^ the trait `From<TssError>` is not implemented for `u32`
[INFO] [stdout]     |
[INFO] [stdout]     = help: the following implementations were found:
[INFO] [stdout]               <u32 as From<Ipv4Addr>>
[INFO] [stdout]               <u32 as From<NonZeroU32>>
[INFO] [stdout]               <u32 as From<bool>>
[INFO] [stdout]               <u32 as From<char>>
[INFO] [stdout]             and 2 others
[INFO] [stdout]     = note: required by `from`
[INFO] [stdout]     = note: this error originates in a macro (in Nightly builds, run with -Z macro-backtrace for more info)
[INFO] [stdout] 
[INFO] [stdout] 
[INFO] [stdout] error[E0277]: the trait bound `u32: From<TssError>` is not satisfied
[INFO] [stdout]   --> src/main.rs:90:17
[INFO] [stdout]    |
[INFO] [stdout] 90 |                 try!(tpm.pcr_extend(to_extend, b"abcdefghijklmnopqrst"));
[INFO] [stdout]    |                 ^^^^^^^^^^^^^^^^^^^^^^^^^^^^^^^^^^^^^^^^^^^^^^^^^^^^^^^^^ the trait `From<TssError>` is not implemented for `u32`
[INFO] [stdout]    |
[INFO] [stdout]    = help: the following implementations were found:
[INFO] [stdout]              <u32 as From<Ipv4Addr>>
[INFO] [stdout]              <u32 as From<NonZeroU32>>
[INFO] [stdout]              <u32 as From<bool>>
[INFO] [stdout]              <u32 as From<char>>
[INFO] [stdout]            and 2 others
[INFO] [stdout]    = note: required by `from`
[INFO] [stdout]    = note: this error originates in a macro (in Nightly builds, run with -Z macro-backtrace for more info)
[INFO] [stdout] 
[INFO] [stdout] 
[INFO] [stdout] error[E0277]: the trait bound `u32: From<TssError>` is not satisfied
[INFO] [stdout]    --> src/main.rs:136:17
[INFO] [stdout]     |
[INFO] [stdout] 136 |                 try!(tpm.pcr_reset(&pcrs));
[INFO] [stdout]     |                 ^^^^^^^^^^^^^^^^^^^^^^^^^^^ the trait `From<TssError>` is not implemented for `u32`
[INFO] [stdout]     |
[INFO] [stdout]     = help: the following implementations were found:
[INFO] [stdout]               <u32 as From<Ipv4Addr>>
[INFO] [stdout]               <u32 as From<NonZeroU32>>
[INFO] [stdout]               <u32 as From<bool>>
[INFO] [stdout]               <u32 as From<char>>
[INFO] [stdout]             and 2 others
[INFO] [stdout]     = note: required by `from`
[INFO] [stdout]     = note: this error originates in a macro (in Nightly builds, run with -Z macro-backtrace for more info)
[INFO] [stdout] 
[INFO] [stdout] 
[INFO] [stdout] error[E0277]: the trait bound `u32: From<TssError>` is not satisfied
[INFO] [stdout]    --> src/main.rs:134:28
[INFO] [stdout]     |
[INFO] [stdout] 134 |                 let pcrs = try!(tpm.context.create_pcr_composite_info_long());
[INFO] [stdout]     |                            ^^^^^^^^^^^^^^^^^^^^^^^^^^^^^^^^^^^^^^^^^^^^^^^^^^ the trait `From<TssError>` is not implemented for `u32`
[INFO] [stdout]     |
[INFO] [stdout]     = help: the following implementations were found:
[INFO] [stdout]               <u32 as From<Ipv4Addr>>
[INFO] [stdout]               <u32 as From<NonZeroU32>>
[INFO] [stdout]               <u32 as From<bool>>
[INFO] [stdout]               <u32 as From<char>>
[INFO] [stdout]             and 2 others
[INFO] [stdout]     = note: required by `from`
[INFO] [stdout]     = note: this error originates in a macro (in Nightly builds, run with -Z macro-backtrace for more info)
[INFO] [stdout] 
[INFO] [stdout] 
[INFO] [stdout] error[E0277]: the trait bound `u32: From<TssError>` is not satisfied
[INFO] [stdout]    --> src/main.rs:180:15
[INFO] [stdout]     |
[INFO] [stdout] 180 |     let vec = try!(tpm.pcr_read(pcr_index));
[INFO] [stdout]     |               ^^^^^^^^^^^^^^^^^^^^^^^^^^^^^ the trait `From<TssError>` is not implemented for `u32`
[INFO] [stdout]     |
[INFO] [stdout]     = help: the following implementations were found:
[INFO] [stdout]               <u32 as From<Ipv4Addr>>
[INFO] [stdout]               <u32 as From<NonZeroU32>>
[INFO] [stdout]               <u32 as From<bool>>
[INFO] [stdout]               <u32 as From<char>>
[INFO] [stdout]             and 2 others
[INFO] [stdout]     = note: required by `from`
[INFO] [stdout]     = note: this error originates in a macro (in Nightly builds, run with -Z macro-backtrace for more info)
[INFO] [stdout] 
[INFO] [stdout] 
[INFO] [stdout] error[E0277]: the trait bound `u32: From<TssError>` is not satisfied
[INFO] [stdout]    --> src/main.rs:135:17
[INFO] [stdout]     |
[INFO] [stdout] 135 |                 try!(pcrs.select_pcr_index_ex(to_reset, 1));
[INFO] [stdout]     |                 ^^^^^^^^^^^^^^^^^^^^^^^^^^^^^^^^^^^^^^^^^^^^ the trait `From<TssError>` is not implemented for `u32`
[INFO] [stdout]     |
[INFO] [stdout]     = help: the following implementations were found:
[INFO] [stdout]               <u32 as From<Ipv4Addr>>
[INFO] [stdout]               <u32 as From<NonZeroU32>>
[INFO] [stdout]               <u32 as From<bool>>
[INFO] [stdout]               <u32 as From<char>>
[INFO] [stdout]             and 2 others
[INFO] [stdout]     = note: required by `from`
[INFO] [stdout]     = note: this error originates in a macro (in Nightly builds, run with -Z macro-backtrace for more info)
[INFO] [stdout] 
[INFO] [stdout] 
[INFO] [stdout] error[E0277]: the trait bound `u32: From<TssError>` is not satisfied
[INFO] [stdout]    --> src/main.rs:136:17
[INFO] [stdout]     |
[INFO] [stdout] 136 |                 try!(tpm.pcr_reset(&pcrs));
[INFO] [stdout]     |                 ^^^^^^^^^^^^^^^^^^^^^^^^^^^ the trait `From<TssError>` is not implemented for `u32`
[INFO] [stdout]     |
[INFO] [stdout]     = help: the following implementations were found:
[INFO] [stdout]               <u32 as From<Ipv4Addr>>
[INFO] [stdout]               <u32 as From<NonZeroU32>>
[INFO] [stdout]               <u32 as From<bool>>
[INFO] [stdout]               <u32 as From<char>>
[INFO] [stdout]             and 2 others
[INFO] [stdout]     = note: required by `from`
[INFO] [stdout]     = note: this error originates in a macro (in Nightly builds, run with -Z macro-backtrace for more info)
[INFO] [stdout] 
[INFO] [stdout] 
[INFO] [stdout] error[E0277]: the trait bound `u32: From<TssError>` is not satisfied
[INFO] [stdout]    --> src/main.rs:180:15
[INFO] [stdout]     |
[INFO] [stdout] 180 |     let vec = try!(tpm.pcr_read(pcr_index));
[INFO] [stdout]     |               ^^^^^^^^^^^^^^^^^^^^^^^^^^^^^ the trait `From<TssError>` is not implemented for `u32`
[INFO] [stdout]     |
[INFO] [stdout]     = help: the following implementations were found:
[INFO] [stdout]               <u32 as From<Ipv4Addr>>
[INFO] [stdout]               <u32 as From<NonZeroU32>>
[INFO] [stdout]               <u32 as From<bool>>
[INFO] [stdout]               <u32 as From<char>>
[INFO] [stdout]             and 2 others
[INFO] [stdout]     = note: required by `from`
[INFO] [stdout]     = note: this error originates in a macro (in Nightly builds, run with -Z macro-backtrace for more info)
[INFO] [stdout] 
[INFO] [stdout] 
[INFO] [stdout] error: aborting due to 5 previous errors; 13 warnings emitted
[INFO] [stdout] 
[INFO] [stdout] 
[INFO] [stdout] For more information about this error, try `rustc --explain E0277`.
[INFO] [stdout] 
[INFO] [stdout] error: aborting due to 5 previous errors; 13 warnings emitted
[INFO] [stdout] 
[INFO] [stdout] 
[INFO] [stdout] For more information about this error, try `rustc --explain E0277`.
[INFO] [stdout] 
[INFO] [stderr] error: could not compile `shirtshirts`.
[INFO] [stderr] 
[INFO] [stderr] To learn more, run the command again with --verbose.
[INFO] [stderr] warning: build failed, waiting for other jobs to finish...
[INFO] [stderr] error: build failed
[INFO] running `Command { std: "docker" "inspect" "bcd056a7c4d856667679db9bdb17db50b0d6238efab593619924aa09c0a27cbd", kill_on_drop: false }`
[INFO] running `Command { std: "docker" "rm" "-f" "bcd056a7c4d856667679db9bdb17db50b0d6238efab593619924aa09c0a27cbd", kill_on_drop: false }`
[INFO] [stdout] bcd056a7c4d856667679db9bdb17db50b0d6238efab593619924aa09c0a27cbd
